{"id":943,"date":"2015-11-28T12:11:07","date_gmt":"2015-11-28T11:11:07","guid":{"rendered":"http:\/\/escuelasanitaria.educacion.navarra.es\/web\/?page_id=943"},"modified":"2021-12-13T08:01:49","modified_gmt":"2021-12-13T07:01:49","slug":"aprender-en-europa","status":"publish","type":"page","link":"https:\/\/escuelasanitaria.educacion.navarra.es\/web1\/internacionalizacion\/aprender-en-europa\/","title":{"rendered":"Aprender por el mundo"},"content":{"rendered":"<p><img decoding=\"async\" title=\"programas europeos\" src=\"\/web1\/wp-content\/uploads\/2019\/10\/aprender-en-europa.jpg\" alt=\"\"><\/p>\n\n\n<div class=\"wp-block-columns has-2-columns is-layout-flex wp-container-core-columns-layout-1 wp-block-columns-is-layout-flex\">\n<div class=\"wp-block-column is-layout-flow wp-block-column-is-layout-flow\">\n<h3 class=\"wp-block-heading\"><span style=\"color: #ce112b;\"><strong>Programas europeos<\/strong><\/span><\/h3>\n\n\n\n<p><\/p>\n\n\n\n<div class=\"cuadrogris\">\n<p><strong>Programa Erasmus+<\/strong><\/p>\n\n<p>En nuestra p\u00e1gina&nbsp;<a href=\"\/internacionalizacion-2\/erasmus\/\" target=\"_blank\" rel=\"noreferrer noopener\">Erasmus+<\/a>&nbsp;encontrar\u00e1s publicadas las convocatorias, tanto para el alumnado como para el profesorado.<br><\/p>\n\n<img decoding=\"async\" src=\"\/web1\/wp-content\/uploads\/2019\/09\/Erasmus.jpg\" alt=\"\">\n\n<\/div>\n\n\n\n<p><\/p>\n<\/div>\n\n\n\n<div class=\"wp-block-column is-layout-flow wp-block-column-is-layout-flow\">\n<h3><span style=\"color: #ce112b;\"><strong>Estudiantes en Europa<\/strong><\/span><\/h3>\n\n\n\n<p><\/p>\n\n\n\n<div class=\"cuadrogris\">\n<p><strong>Experiencias de formaci\u00f3n en empresas europeas<\/strong><\/p>\n\n<p>Conoce c\u00f3mo y d\u00f3nde se han formado nuestros estudiantes en el extranjero.<\/p>\n\n<img decoding=\"async\" src=\"\/web1\/wp-content\/uploads\/2019\/10\/europa.jpg\" alt=\"\">\n\n<\/div>\n\n\n\n<h3><span style=\"color: #ce112b;\"><strong>Actividades en Europa<\/strong><\/span><\/h3>\n\n\n\n<p><\/p>\n<\/div>\n<\/div>\n\n\n\n<div class=\"wp-block-columns has-2-columns is-layout-flex wp-container-core-columns-layout-2 wp-block-columns-is-layout-flex\">\n<div class=\"wp-block-column is-layout-flow wp-block-column-is-layout-flow\">\n<div class=\"cuadrogris\">\n<p><strong>Acogida de alumnado y profesorado de otros pa\u00edses europeos<\/strong><\/p>\n<p><a href=\"http:\/\/escuelasanitaria.educacion.navarra.es\/web\/wp-content\/uploads\/Protocolo-de-Acogida-de-alumnado-y-profesorado.pdf\">Protocolo de Acogida de alumnado y profesorado<\/a><\/p>\n\n<p><a href=\"https:\/\/escuelasanitaria.educacion.navarra.es\/web1\/2021\/12\/13\/alumna-del-ciclo-de-gm-de-emergencias-sanitarias-realiza-una-estancia-formativa-en-cruz-roja-en-valletta-malta\/\">Alumna del ciclo de GM de Emergencias Sanitarias realiza una estancia formativa en Cruz Roja en VALLETTA, Malta<\/a><\/p>\n<\/div>\n\n\n\n<p><\/p>\n<\/div>\n\n\n\n<div class=\"wp-block-column is-layout-flow wp-block-column-is-layout-flow\">\n<div class=\"cuadrogris\">\n\n<p><strong>Una profesora de la Escuela\nviaja a Pa\u00edses Bajos<\/strong><\/p>\n\n<p>La visita, llevada a cabo en el marco del programa Erasmus+, tuvo lugar del 15\nal 19 de noviembre. Nuestra compa\u00f1era, Mar\u00eda Dolores Albero, junto con otros\ncuatro docentes de la red p\u00fablica de centros de Formaci\u00f3n Profesional de\nNavarra se desplazaron por ciudades de la parte central del pa\u00eds, como Utrech,\nBrunschoten y Amersfoort, con el objetivo de conocer de primera mano la\nrealidad de la FP DUAL en Pa\u00edses Bajos.<\/p>\n<a href=\"https:\/\/escuelasanitaria.educacion.navarra.es\/web1\/2021\/12\/02\/una-profesora-de-la-escuela-viaja-a-paises-bajos\/\">Noticia<\/a>\n<\/div>\n\n\n\n<p><\/p>\n<\/div>\n<\/div>\n\n\n\n<div class=\"wp-block-columns has-2-columns is-layout-flex wp-container-core-columns-layout-3 wp-block-columns-is-layout-flex\">\n<div class=\"wp-block-column is-layout-flow wp-block-column-is-layout-flow\">\n\n\n<p><\/p>\n\n\n\n\n\n<div class=\"cuadrogris\">\n<p><strong>Europass<\/strong><\/p>\n\n<a href=\"http:\/\/www.sepie.es\/iniciativas\/europass\/index.html\" target=\"_blank\" rel=\"noopener noreferrer\"><img decoding=\"async\" src=\"\/web1\/wp-content\/uploads\/2019\/09\/europass-logo.jpg\"><\/a>\n<\/div>\n<\/div>\n\n\n\n<div class=\"wp-block-column is-layout-flow wp-block-column-is-layout-flow\">\n\n\n<p><\/p>\n\n\n\n\n\n<div class=\"cuadrogris\">\n<p><strong>Formaci\u00f3n Profesional en Europa<\/strong><\/p>\n\n<a href=\"http:\/\/www.sepie.es\/formacion-profesional\/index.html\" target=\"_blank\" rel=\"noopener noreferrer\"><img decoding=\"async\" src=\"\/web1\/wp-content\/uploads\/2019\/09\/sepie-logo.jpg\"><\/a>\n<\/div>\n<\/div>\n<\/div>\n\n\n\n<h2 class=\"wp-block-heading\"><\/h2>\n","protected":false},"excerpt":{"rendered":"<p>Programas europeos Programa Erasmus+ En nuestra p\u00e1gina&nbsp;Erasmus+&nbsp;encontrar\u00e1s publicadas las convocatorias, tanto para el alumnado como para el profesorado. Estudiantes en Europa Experiencias de formaci\u00f3n en empresas europeas Conoce c\u00f3mo y d\u00f3nde se han formado nuestros estudiantes en el extranjero. Actividades en Europa Acogida de alumnado y profesorado de otros pa\u00edses europeos Protocolo de Acogida de [&hellip;]<\/p>\n","protected":false},"author":1,"featured_media":0,"parent":16,"menu_order":1,"comment_status":"open","ping_status":"open","template":"","meta":{"_genesis_hide_title":false,"_genesis_hide_breadcrumbs":false,"_genesis_hide_singular_image":false,"_genesis_hide_footer_widgets":false,"_genesis_custom_body_class":"","_genesis_custom_post_class":"","_genesis_layout":"","footnotes":""},"_links":{"self":[{"href":"https:\/\/escuelasanitaria.educacion.navarra.es\/web1\/wp-json\/wp\/v2\/pages\/943"}],"collection":[{"href":"https:\/\/escuelasanitaria.educacion.navarra.es\/web1\/wp-json\/wp\/v2\/pages"}],"about":[{"href":"https:\/\/escuelasanitaria.educacion.navarra.es\/web1\/wp-json\/wp\/v2\/types\/page"}],"author":[{"embeddable":true,"href":"https:\/\/escuelasanitaria.educacion.navarra.es\/web1\/wp-json\/wp\/v2\/users\/1"}],"replies":[{"embeddable":true,"href":"https:\/\/escuelasanitaria.educacion.navarra.es\/web1\/wp-json\/wp\/v2\/comments?post=943"}],"version-history":[{"count":36,"href":"https:\/\/escuelasanitaria.educacion.navarra.es\/web1\/wp-json\/wp\/v2\/pages\/943\/revisions"}],"predecessor-version":[{"id":7089,"href":"https:\/\/escuelasanitaria.educacion.navarra.es\/web1\/wp-json\/wp\/v2\/pages\/943\/revisions\/7089"}],"up":[{"embeddable":true,"href":"https:\/\/escuelasanitaria.educacion.navarra.es\/web1\/wp-json\/wp\/v2\/pages\/16"}],"wp:attachment":[{"href":"https:\/\/escuelasanitaria.educacion.navarra.es\/web1\/wp-json\/wp\/v2\/media?parent=943"}],"curies":[{"name":"wp","href":"https:\/\/api.w.org\/{rel}","templated":true}]}}