{"id":144,"date":"2011-06-29T15:59:48","date_gmt":"2011-06-29T13:59:48","guid":{"rendered":"http:\/\/escuelasanitaria.educacion.navarra.es\/web\/?page_id=144"},"modified":"2019-10-08T12:45:32","modified_gmt":"2019-10-08T10:45:32","slug":"salud-ambiental","status":"publish","type":"page","link":"https:\/\/escuelasanitaria.educacion.navarra.es\/web1\/oferta-formativa\/ciclos-formativos-de-grado-superior\/salud-ambiental\/","title":{"rendered":"Salud ambiental"},"content":{"rendered":"<p><img decoding=\"async\" title=\"T\u00e9cnico de Grado Superior en Salud Ambiental\" src=\"\/web1\/wp-content\/uploads\/2019\/09\/salud-ambiental.jpg\" alt=\"Salud Ambiental\n\"><\/p>\n<h3><strong><span style=\"color: #ce112b;\">T\u00e9cnico de Grado Superior en Salud Ambiental<br \/>\n<\/span><\/strong><\/h3>\n<p>Ciclo Formativo de Grado Superior: \u201cSalud Ambiental\u201d<\/p>\n<p>Familia Profesional:<strong> Sanidad<\/strong><br \/>\nDuraci\u00f3n:<strong> 2000 horas<\/strong><br \/>\nModalidad: <strong>Presencial<\/strong><br \/>\n<a href=\"http:\/\/www.navarra.es\/home_es\/Actualidad\/BON\/Boletines\/1996\/66\/Anuncio-3\/\" target=\"_blank\" rel=\"noopener noreferrer\">Descarga Curr\u00edculo Completo<\/a><br \/>\n<a href=\"https:\/\/www.educacion.navarra.es\/documents\/27590\/943107\/44W44.+SALUD+AMBIENTAL+GS.pdf\/2993fa05-a3a0-4700-9a72-d8286344e5e2\" target=\"_blank\" rel=\"noopener noreferrer\">Ver folleto informativo<\/a><\/p>\n<h3><strong><span style=\"color: #ce112b;\">Competencia general<\/span><\/strong><\/h3>\n<p>Realizar las operaciones de inspecci\u00f3n necesarias para identificar, controlar, vigilar y evaluar y, en su caso, corregir los factores de riesgo ambiental para la salud, desarrollando programas de educaci\u00f3n y promoci\u00f3n de la salud de las personas en su interacci\u00f3n con el medio ambiente, bajo la supervisi\u00f3n correspondiente<\/p>\n<div class=\"tablaRes\">\n<div class=\"fila\">\n<div class=\"colcabecera\">M\u00f3dulos del Ciclo<\/div>\n<div class=\"colcabecera\">Horas semanales<\/div>\n<div class=\"colcabecera\">Horas totales<\/div>\n<\/div>\n<div class=\"fila\">\n<div class=\"col\"><strong>PRIMER CURSO<\/strong><\/div>\n<div class=\"col\">&nbsp;<\/div>\n<div class=\"col\">&nbsp;<\/div>\n<\/div>\n<div class=\"fila\">\n<div class=\"col\"><strong>M1.<\/strong>Organizaci\u00f3n y gesti\u00f3n de la unidad de salud ambiental<\/div>\n<div class=\"col\">4<\/div>\n<div class=\"col\">128<\/div>\n<\/div>\n<div class=\"fila\">\n<div class=\"col\"><strong>M2.<\/strong>Aguas de uso y consumo<\/div>\n<div class=\"col\">15<\/div>\n<div class=\"col\">480<\/div>\n<\/div>\n<div class=\"fila\">\n<div class=\"col\"><strong>M3.<\/strong>Contaminaci\u00f3n atmosf\u00e9rica, ruidos y radiaciones<\/div>\n<div class=\"col\">5<\/div>\n<div class=\"col\">160<\/div>\n<\/div>\n<div class=\"fila\">\n<div class=\"col\"><strong>M4.<\/strong>Productos qu\u00edmicos y vectores de inter\u00e9s en Salud P\u00fablica<\/div>\n<div class=\"col\">6<\/div>\n<div class=\"col\">192<\/div>\n<\/div>\n<div class=\"fila\">\n<div class=\"col\"><strong>SEGUNDO CURSO<\/strong><\/div>\n<div class=\"col\">&nbsp;<\/div>\n<div class=\"col\">&nbsp;<\/div>\n<\/div>\n<div class=\"fila\">\n<div class=\"col\"><strong>M5.<\/strong>Residuos s\u00f3lidos y medio construido<\/div>\n<div class=\"col\">8<\/div>\n<div class=\"col\">176<\/div>\n<\/div>\n<div class=\"fila\">\n<div class=\"col\"><strong>M6.<\/strong>Control y vigilancia de la contaminaci\u00f3n de alimentos<\/div>\n<div class=\"col\">14<\/div>\n<div class=\"col\">308<\/div>\n<\/div>\n<div class=\"fila\">\n<div class=\"col\"><strong>M7.<\/strong>Educaci\u00f3n sanitaria y promoci\u00f3n de la salud<\/div>\n<div class=\"col\">5<\/div>\n<div class=\"col\">110<\/div>\n<\/div>\n<div class=\"fila\">\n<div class=\"col\"><strong>M8.<\/strong> Formaci\u00f3n y orientaci\u00f3n laboral<\/div>\n<div class=\"col\">3<\/div>\n<div class=\"col\">66<\/div>\n<\/div>\n<div class=\"fila\">\n<div class=\"col\"><strong>M9.<\/strong>Formaci\u00f3n en centros de trabajo<\/div>\n<div class=\"col\">En jornada laboral<\/div>\n<div class=\"col\">380<\/div>\n<\/div>\n<\/div>\n","protected":false},"excerpt":{"rendered":"<p>T\u00e9cnico de Grado Superior en Salud Ambiental Ciclo Formativo de Grado Superior: \u201cSalud Ambiental\u201d Familia Profesional: Sanidad Duraci\u00f3n: 2000 horas Modalidad: Presencial Descarga Curr\u00edculo Completo Ver folleto informativo Competencia general Realizar las operaciones de inspecci\u00f3n necesarias para identificar, controlar, vigilar y evaluar y, en su caso, corregir los factores de riesgo ambiental para la salud, [&hellip;]<\/p>\n","protected":false},"author":1,"featured_media":0,"parent":136,"menu_order":6,"comment_status":"open","ping_status":"open","template":"","meta":{"_genesis_hide_title":false,"_genesis_hide_breadcrumbs":false,"_genesis_hide_singular_image":false,"_genesis_hide_footer_widgets":false,"_genesis_custom_body_class":"","_genesis_custom_post_class":"","_genesis_layout":"","footnotes":""},"_links":{"self":[{"href":"https:\/\/escuelasanitaria.educacion.navarra.es\/web1\/wp-json\/wp\/v2\/pages\/144"}],"collection":[{"href":"https:\/\/escuelasanitaria.educacion.navarra.es\/web1\/wp-json\/wp\/v2\/pages"}],"about":[{"href":"https:\/\/escuelasanitaria.educacion.navarra.es\/web1\/wp-json\/wp\/v2\/types\/page"}],"author":[{"embeddable":true,"href":"https:\/\/escuelasanitaria.educacion.navarra.es\/web1\/wp-json\/wp\/v2\/users\/1"}],"replies":[{"embeddable":true,"href":"https:\/\/escuelasanitaria.educacion.navarra.es\/web1\/wp-json\/wp\/v2\/comments?post=144"}],"version-history":[{"count":3,"href":"https:\/\/escuelasanitaria.educacion.navarra.es\/web1\/wp-json\/wp\/v2\/pages\/144\/revisions"}],"predecessor-version":[{"id":3912,"href":"https:\/\/escuelasanitaria.educacion.navarra.es\/web1\/wp-json\/wp\/v2\/pages\/144\/revisions\/3912"}],"up":[{"embeddable":true,"href":"https:\/\/escuelasanitaria.educacion.navarra.es\/web1\/wp-json\/wp\/v2\/pages\/136"}],"wp:attachment":[{"href":"https:\/\/escuelasanitaria.educacion.navarra.es\/web1\/wp-json\/wp\/v2\/media?parent=144"}],"curies":[{"name":"wp","href":"https:\/\/api.w.org\/{rel}","templated":true}]}}