{"id":136,"date":"2011-06-28T13:44:53","date_gmt":"2011-06-28T11:44:53","guid":{"rendered":"http:\/\/escuelasanitaria.educacion.navarra.es\/web\/?page_id=136"},"modified":"2021-09-21T12:30:15","modified_gmt":"2021-09-21T10:30:15","slug":"ciclos-formativos-de-grado-superior","status":"publish","type":"page","link":"https:\/\/escuelasanitaria.educacion.navarra.es\/web1\/oferta-formativa\/ciclos-formativos-de-grado-superior\/","title":{"rendered":"Ciclos formativos de grado superior"},"content":{"rendered":"\t\t<div data-elementor-type=\"wp-page\" data-elementor-id=\"136\" class=\"elementor elementor-136\" data-elementor-post-type=\"page\">\n\t\t\t\t\t\t\t\t\t<section class=\"elementor-section elementor-top-section elementor-element elementor-element-7579f4a elementor-section-boxed elementor-section-height-default elementor-section-height-default\" data-id=\"7579f4a\" data-element_type=\"section\">\n\t\t\t\t\t\t<div class=\"elementor-container elementor-column-gap-default\">\n\t\t\t\t\t<div class=\"elementor-column elementor-col-100 elementor-top-column elementor-element elementor-element-9c67300\" data-id=\"9c67300\" data-element_type=\"column\">\n\t\t\t<div class=\"elementor-widget-wrap elementor-element-populated\">\n\t\t\t\t\t\t\t\t<div class=\"elementor-element elementor-element-59fd996 elementor-widget elementor-widget-text-editor\" data-id=\"59fd996\" data-element_type=\"widget\" data-widget_type=\"text-editor.default\">\n\t\t\t\t<div class=\"elementor-widget-container\">\n\t\t\t\t\t\t\t<p><!-- wp:paragraph --><\/p><p><a href=\"https:\/\/escuelasanitaria.educacion.navarra.es\/web1\/oferta-formativa\/ciclos-formativos-de-grado-superior\/higiene-bucodental\/\" data-type=\"page\" data-id=\"376\">Higiene Bucodental<\/a><img decoding=\"async\" class=\"alignleft wp-image-3469 size-thumbnail\" src=\"https:\/\/escuelasanitaria.educacion.navarra.es\/web1\/wp-content\/uploads\/2019\/09\/higiene-bucodental-150x150.jpg\" alt=\"higiene bucodental\" width=\"150\" height=\"150\" srcset=\"https:\/\/escuelasanitaria.educacion.navarra.es\/web1\/wp-content\/uploads\/2019\/09\/higiene-bucodental-150x150.jpg 150w, https:\/\/escuelasanitaria.educacion.navarra.es\/web1\/wp-content\/uploads\/2019\/09\/higiene-bucodental-100x100.jpg 100w\" sizes=\"(max-width: 150px) 100vw, 150px\" \/><br \/>Promover la salud de las personas y de la comunidad mediante el desarrollo de actividades preventivas y t\u00e9cnico-asistenciales que incluyen la exploraci\u00f3n, la evaluaci\u00f3n, la promoci\u00f3n y la realizaci\u00f3n de t\u00e9cnicas odontol\u00f3gicas en colaboraci\u00f3n con el odont\u00f3logo o m\u00e9dico estomat\u00f3logo.<\/p><p><!-- \/wp:paragraph --><\/p>\t\t\t\t\t\t<\/div>\n\t\t\t\t<\/div>\n\t\t\t\t<div class=\"elementor-element elementor-element-5241511 elementor-widget elementor-widget-text-editor\" data-id=\"5241511\" data-element_type=\"widget\" data-widget_type=\"text-editor.default\">\n\t\t\t\t<div class=\"elementor-widget-container\">\n\t\t\t\t\t\t\t<p><!-- wp:paragraph --><\/p><p><a href=\"https:\/\/escuelasanitaria.educacion.navarra.es\/web1\/oferta-formativa\/ciclos-formativos-de-grado-superior\/imagen-para-el-diagnostico-y-medicina-nuclear\/\" data-type=\"page\" data-id=\"376\">Imagen Para el Diagn\u00f3stico y Medicina Nuclear<\/a><img decoding=\"async\" class=\"alignleft wp-image-3484 size-thumbnail\" src=\"https:\/\/escuelasanitaria.educacion.navarra.es\/web1\/wp-content\/uploads\/2019\/09\/Imagen-para-el-Diagnostico-y-Medicina-Nuclear-150x150.jpg\" alt=\"Imagen para el Diagn\u00f3stico y Medicina Nuclear\" width=\"150\" height=\"150\" srcset=\"https:\/\/escuelasanitaria.educacion.navarra.es\/web1\/wp-content\/uploads\/2019\/09\/Imagen-para-el-Diagnostico-y-Medicina-Nuclear-150x150.jpg 150w, https:\/\/escuelasanitaria.educacion.navarra.es\/web1\/wp-content\/uploads\/2019\/09\/Imagen-para-el-Diagnostico-y-Medicina-Nuclear-100x100.jpg 100w\" sizes=\"(max-width: 150px) 100vw, 150px\" \/><br \/>Obtener registros gr\u00e1ficos, morfol\u00f3gicos o funcionales del cuerpo humano, con fines diagn\u00f3sticos o terap\u00e9uticos, a partir de la prescripci\u00f3n facultativa utilizando equipos de diagn\u00f3stico por imagen y de medicina nuclear, y asistiendo al paciente durante su estancia en la unidad.<\/p><p><!-- \/wp:paragraph --><\/p>\t\t\t\t\t\t<\/div>\n\t\t\t\t<\/div>\n\t\t\t\t<div class=\"elementor-element elementor-element-78e15dd elementor-widget elementor-widget-text-editor\" data-id=\"78e15dd\" data-element_type=\"widget\" data-widget_type=\"text-editor.default\">\n\t\t\t\t<div class=\"elementor-widget-container\">\n\t\t\t\t\t\t\t<p><!-- wp:paragraph --><\/p><p><a href=\"https:\/\/escuelasanitaria.educacion.navarra.es\/web1\/oferta-formativa\/ciclos-formativos-de-grado-superior\/laboratorio-clinico-y-biomedico\/\" data-type=\"page\" data-id=\"376\">Laboratorio Cl\u00ednico y Biom\u00e9dico<\/a><img decoding=\"async\" class=\"alignleft wp-image-159 size-thumbnail\" src=\"https:\/\/escuelasanitaria.educacion.navarra.es\/web1\/wp-content\/uploads\/2011\/06\/foto_30-150x150.jpg\" alt=\"\" width=\"150\" height=\"150\" srcset=\"https:\/\/escuelasanitaria.educacion.navarra.es\/web1\/wp-content\/uploads\/2011\/06\/foto_30-150x150.jpg 150w, https:\/\/escuelasanitaria.educacion.navarra.es\/web1\/wp-content\/uploads\/2011\/06\/foto_30-100x100.jpg 100w\" sizes=\"(max-width: 150px) 100vw, 150px\" \/><br \/>Realizar estudios anal\u00edticos de muestras biol\u00f3gicas, siguiendo los protocolos normalizados de trabajo, aplicando las normas de calidad, seguridad y medioambientales establecidas, y valorando los resultados t\u00e9cnicos, para que sirvan como soporte a la prevenci\u00f3n, al diagn\u00f3stico, al control de la evoluci\u00f3n y al tratamiento de la enfermedad.<\/p><p><!-- \/wp:paragraph --><\/p>\t\t\t\t\t\t<\/div>\n\t\t\t\t<\/div>\n\t\t\t\t<div class=\"elementor-element elementor-element-e079b91 elementor-widget elementor-widget-text-editor\" data-id=\"e079b91\" data-element_type=\"widget\" data-widget_type=\"text-editor.default\">\n\t\t\t\t<div class=\"elementor-widget-container\">\n\t\t\t\t\t\t\t<p><!-- wp:paragraph --><\/p><p><a href=\"https:\/\/escuelasanitaria.educacion.navarra.es\/web1\/oferta-formativa\/ciclos-formativos-de-grado-superior\/laboratorio-clinico-y-biomedico-bilingue\/\" data-type=\"page\" data-id=\"376\">Laboratorio Cl\u00ednico y Biom\u00e9dico (Biling\u00fce)<\/a><img decoding=\"async\" class=\"alignleft wp-image-159 size-thumbnail\" src=\"https:\/\/escuelasanitaria.educacion.navarra.es\/web1\/wp-content\/uploads\/2011\/06\/foto_30-150x150.jpg\" alt=\"\" width=\"150\" height=\"150\" srcset=\"https:\/\/escuelasanitaria.educacion.navarra.es\/web1\/wp-content\/uploads\/2011\/06\/foto_30-150x150.jpg 150w, https:\/\/escuelasanitaria.educacion.navarra.es\/web1\/wp-content\/uploads\/2011\/06\/foto_30-100x100.jpg 100w\" sizes=\"(max-width: 150px) 100vw, 150px\" \/><br \/>Realizar estudios anal\u00edticos de muestras biol\u00f3gicas, siguiendo los protocolos normalizados de trabajo, aplicando las normas de calidad, seguridad y medioambientales establecidas, y valorando los resultados t\u00e9cnicos, para que sirvan como soporte a la prevenci\u00f3n, al diagn\u00f3stico, al control de la evoluci\u00f3n y al tratamiento de la enfermedad.<\/p><p><!-- \/wp:paragraph --><\/p>\t\t\t\t\t\t<\/div>\n\t\t\t\t<\/div>\n\t\t\t\t<div class=\"elementor-element elementor-element-9495cbe elementor-widget elementor-widget-text-editor\" data-id=\"9495cbe\" data-element_type=\"widget\" data-widget_type=\"text-editor.default\">\n\t\t\t\t<div class=\"elementor-widget-container\">\n\t\t\t\t\t\t\t<p><!-- wp:paragraph --><\/p><p><img loading=\"lazy\" decoding=\"async\" class=\"alignleft wp-image-4202 size-thumbnail\" src=\"https:\/\/escuelasanitaria.educacion.navarra.es\/web1\/wp-content\/uploads\/2020\/02\/Prevenci\u00f3n-de-riesgos-2-150x150.jpg\" alt=\"\" width=\"150\" height=\"150\" srcset=\"https:\/\/escuelasanitaria.educacion.navarra.es\/web1\/wp-content\/uploads\/2020\/02\/Prevenci\u00f3n-de-riesgos-2-150x150.jpg 150w, https:\/\/escuelasanitaria.educacion.navarra.es\/web1\/wp-content\/uploads\/2020\/02\/Prevenci\u00f3n-de-riesgos-2-100x100.jpg 100w\" sizes=\"(max-width: 150px) 100vw, 150px\" \/><\/p><p><a href=\"https:\/\/escuelasanitaria.educacion.navarra.es\/web1\/oferta-formativa\/ciclos-formativos-de-grado-superior\/prevencion-de-riesgos-profesionales\/\" data-type=\"page\" data-id=\"376\">Prevenci\u00f3n de Riesgos Profesionales<\/a><br \/>Participar en la prevenci\u00f3n, protecci\u00f3n colectiva y protecci\u00f3n personal mediante el establecimiento o adaptaci\u00f3n de medidas de control y correctoras para evitar o disminuir los riesgos hasta niveles aceptables con el fin de conseguir la mejora de la seguridad y la salud en el medio profesional, de acuerdo a las normas establecidas.<\/p><p><!-- \/wp:paragraph --><\/p>\t\t\t\t\t\t<\/div>\n\t\t\t\t<\/div>\n\t\t\t\t<div class=\"elementor-element elementor-element-7658e65 elementor-widget elementor-widget-text-editor\" data-id=\"7658e65\" data-element_type=\"widget\" data-widget_type=\"text-editor.default\">\n\t\t\t\t<div class=\"elementor-widget-container\">\n\t\t\t\t\t\t\t<p><!-- wp:paragraph --><\/p><p><img loading=\"lazy\" decoding=\"async\" class=\"alignleft wp-image-3495 size-thumbnail\" src=\"https:\/\/escuelasanitaria.educacion.navarra.es\/web1\/wp-content\/uploads\/2019\/09\/protesis-dentales-150x150.jpg\" alt=\"Protesis dentales\" width=\"150\" height=\"150\" srcset=\"https:\/\/escuelasanitaria.educacion.navarra.es\/web1\/wp-content\/uploads\/2019\/09\/protesis-dentales-150x150.jpg 150w, https:\/\/escuelasanitaria.educacion.navarra.es\/web1\/wp-content\/uploads\/2019\/09\/protesis-dentales-100x100.jpg 100w\" sizes=\"(max-width: 150px) 100vw, 150px\" \/><\/p><p><a href=\"https:\/\/escuelasanitaria.educacion.navarra.es\/web1\/oferta-formativa\/ciclos-formativos-de-grado-superior\/protesis-dentales\/\" data-type=\"page\" data-id=\"376\">Pr\u00f3tesis Dentales<\/a><br \/>Dise\u00f1ar, fabricar y reparar pr\u00f3tesis y ortesis dentofaciales adaptadas al paciente\/cliente a partir de las prescripciones del facultativo, cumpliendo las normas de calidad y de seguridad, higiene y en el tiempo establecido.<\/p><p><!-- \/wp:paragraph --><\/p>\t\t\t\t\t\t<\/div>\n\t\t\t\t<\/div>\n\t\t\t\t<div class=\"elementor-element elementor-element-b87d63d elementor-widget elementor-widget-text-editor\" data-id=\"b87d63d\" data-element_type=\"widget\" data-widget_type=\"text-editor.default\">\n\t\t\t\t<div class=\"elementor-widget-container\">\n\t\t\t\t\t\t\t<p><!-- wp:paragraph --><\/p><p><img loading=\"lazy\" decoding=\"async\" class=\"alignleft wp-image-4882 size-thumbnail\" src=\"https:\/\/escuelasanitaria.educacion.navarra.es\/web1\/wp-content\/uploads\/2020\/05\/Recorte-QySA-150x150.jpg\" alt=\"\" width=\"150\" height=\"150\" srcset=\"https:\/\/escuelasanitaria.educacion.navarra.es\/web1\/wp-content\/uploads\/2020\/05\/Recorte-QySA-150x150.jpg 150w, https:\/\/escuelasanitaria.educacion.navarra.es\/web1\/wp-content\/uploads\/2020\/05\/Recorte-QySA-100x100.jpg 100w\" sizes=\"(max-width: 150px) 100vw, 150px\" \/><\/p><p><a href=\"https:\/\/escuelasanitaria.educacion.navarra.es\/web1\/oferta-formativa\/ciclos-formativos-de-grado-superior\/quimica-y-salud-ambiental\/\" data-type=\"page\" data-id=\"376\">Qu\u00edmica y Salud Ambiental<\/a><br \/>Vigilar y controlar los efectos sobre la salud de los factores de riesgo ambiental y alimentario, participar en la puesta en marcha y el desarrollo de sistemas de gesti\u00f3n ambiental e intervenir en programas de educaci\u00f3n para la salud p\u00fablica.<\/p><p><!-- \/wp:paragraph --><\/p>\t\t\t\t\t\t<\/div>\n\t\t\t\t<\/div>\n\t\t\t\t\t<\/div>\n\t\t<\/div>\n\t\t\t\t\t\t\t<\/div>\n\t\t<\/section>\n\t\t\t\t\t\t\t<\/div>\n\t\t","protected":false},"excerpt":{"rendered":"<p>Higiene BucodentalPromover la salud de las personas y de la comunidad mediante el desarrollo de actividades preventivas y t\u00e9cnico-asistenciales que incluyen la exploraci\u00f3n, la evaluaci\u00f3n, la promoci\u00f3n y la realizaci\u00f3n de t\u00e9cnicas odontol\u00f3gicas en colaboraci\u00f3n con el odont\u00f3logo o m\u00e9dico estomat\u00f3logo. Imagen Para el Diagn\u00f3stico y Medicina NuclearObtener registros gr\u00e1ficos, morfol\u00f3gicos o funcionales del cuerpo [&hellip;]<\/p>\n","protected":false},"author":1,"featured_media":0,"parent":13,"menu_order":2,"comment_status":"open","ping_status":"open","template":"","meta":{"_genesis_hide_title":false,"_genesis_hide_breadcrumbs":false,"_genesis_hide_singular_image":false,"_genesis_hide_footer_widgets":false,"_genesis_custom_body_class":"","_genesis_custom_post_class":"","_genesis_layout":"","footnotes":""},"_links":{"self":[{"href":"https:\/\/escuelasanitaria.educacion.navarra.es\/web1\/wp-json\/wp\/v2\/pages\/136"}],"collection":[{"href":"https:\/\/escuelasanitaria.educacion.navarra.es\/web1\/wp-json\/wp\/v2\/pages"}],"about":[{"href":"https:\/\/escuelasanitaria.educacion.navarra.es\/web1\/wp-json\/wp\/v2\/types\/page"}],"author":[{"embeddable":true,"href":"https:\/\/escuelasanitaria.educacion.navarra.es\/web1\/wp-json\/wp\/v2\/users\/1"}],"replies":[{"embeddable":true,"href":"https:\/\/escuelasanitaria.educacion.navarra.es\/web1\/wp-json\/wp\/v2\/comments?post=136"}],"version-history":[{"count":4,"href":"https:\/\/escuelasanitaria.educacion.navarra.es\/web1\/wp-json\/wp\/v2\/pages\/136\/revisions"}],"predecessor-version":[{"id":6716,"href":"https:\/\/escuelasanitaria.educacion.navarra.es\/web1\/wp-json\/wp\/v2\/pages\/136\/revisions\/6716"}],"up":[{"embeddable":true,"href":"https:\/\/escuelasanitaria.educacion.navarra.es\/web1\/wp-json\/wp\/v2\/pages\/13"}],"wp:attachment":[{"href":"https:\/\/escuelasanitaria.educacion.navarra.es\/web1\/wp-json\/wp\/v2\/media?parent=136"}],"curies":[{"name":"wp","href":"https:\/\/api.w.org\/{rel}","templated":true}]}}