{"id":6770,"date":"2021-10-07T11:27:21","date_gmt":"2021-10-07T09:27:21","guid":{"rendered":"https:\/\/escuelasanitaria.educacion.navarra.es\/crn\/?page_id=6770"},"modified":"2021-10-28T12:47:55","modified_gmt":"2021-10-28T10:47:55","slug":"el-tecnico-de-auxiliar-de-enfermeria-en-cuidados-a-pacientes-covid","status":"publish","type":"page","link":"https:\/\/escuelasanitaria.educacion.navarra.es\/crn\/formacion\/el-tecnico-de-auxiliar-de-enfermeria-en-cuidados-a-pacientes-covid\/","title":{"rendered":"El T\u00e9cnico de Auxiliar de Enfermer\u00eda en cuidados a pacientes COVID"},"content":{"rendered":"<div class=\"su-row\"><div class=\"su-column su-column-size-1-4\"><div class=\"su-column-inner su-u-clearfix su-u-trim\"><img loading=\"lazy\" class=\"alignnone size-full wp-image-4669\" src=\"https:\/\/escuelasanitaria.educacion.navarra.es\/crn\/wp-content\/uploads\/2018\/06\/Cursos-CRN.png\" alt=\"\" width=\"242\" height=\"242\" srcset=\"https:\/\/escuelasanitaria.educacion.navarra.es\/crn\/wp-content\/uploads\/2018\/06\/Cursos-CRN.png 242w, https:\/\/escuelasanitaria.educacion.navarra.es\/crn\/wp-content\/uploads\/2018\/06\/Cursos-CRN-150x150.png 150w\" sizes=\"(max-width: 242px) 100vw, 242px\" \/><\/div><\/div> <div class=\"su-column su-column-size-3-4\"><div class=\"su-column-inner su-u-clearfix su-u-trim\">\n<h3>Curso de Perfeccionamiento T\u00e9cnico para Formadores<\/h3>\n<p><b>C\u00f3digo:<\/b><\/p>\n<p><b>Descripci\u00f3n:<\/b> Curso destinado a la actualizaci\u00f3n y el perfeccionamiento t\u00e9cnico de formadores en el \u00e1mbito de la Formaci\u00f3n Profesional, en el \u00e1rea asistencial sanitaria. Con este curso se pretende actualizar conocimientos sobre los cuidados al paciente COVID y el tratamiento multidisciplinar del paciente, as\u00ed como aplicar la humanizaci\u00f3n en la pr\u00e1ctica asistencial.<\/p>\n<p><b>Requisitos:<\/b> Titulaci\u00f3n: Diplomado, Licenciado o Grado.<\/p>\n<p><b>Formaci\u00f3n dirigida preferentemente para personas ocupadas: D<\/b>ocentes, Expertos de formaci\u00f3n profesional para el empleo y Profesores de formaci\u00f3n profesional.<b><br \/><\/b><\/p>\n<p><b>Familia profesional:<\/b> Sanidad<\/p>\n<p><strong>Ponentes:<\/strong><\/p>\n<p>&#8211; Carlos Ibero Esparza ( Medico Coordinador de la Atenci\u00f3n a pacientes COVID en el Complejo Hospitalario de Navarra y Medalla de oro de Navarra en 2020, dedicada a todo el personal sanitario).<\/p>\n<p>-Virginia Otaola Gurpide (T\u00e9cnico Auxiliar de Enfermer\u00eda en el Complejo Hospitalario de Navarra)<\/p>\n<p>-Ignacio Gonz\u00e1lez Herrero (Enfermero y Certificado de profesionalidad en Docencia de la formaci\u00f3n para el empleo)<\/p>\n<p>-Ra\u00fal Eza Muro (T\u00e9cnico Auxiliar de Enfermer\u00eda en el Complejo Hospitalario de Navarra)<\/p>\n<p>-Amaia Valencia Redin (Fisioterapeuta en el Complejo Hospitalario de Navarra)<\/p>\n<p>-Mar\u00eda del Villar Arroniz (Fisioterapeuta en el Complejo Hospitalario de Navarra)<\/p>\n<p>*\u00a0 Con la colaboraci\u00f3n especial del Enfermero \u00c1ngel Mu\u00f1oz Pardo ( Jefe de Unidad de la planta 6-G; Medicina Interna e Infecciosos\/COVID)<\/p>\n<p><b>Duraci\u00f3n:<\/b> 10 horas presenciales<\/p>\n<p><b>Fecha inicio:<\/b> 05\/11\/2021<\/p>\n<p><b>Fecha fin:<\/b> 06\/11\/2021<\/p>\n<p><b>Horario:<\/b> V: 16:00h a 20:30h ; S: 8:30h a 15:00h<\/p>\n<p><b>Lugar de impartici\u00f3n:<\/b> Escuela Sanitaria T\u00e9cnico Profesional de Navarra-ESTNA<\/p>\n<p><b>Direcci\u00f3n: <\/b>C\/ Irunlarrea 3. 31008. Pamplona (Navarra)<\/p>\n<p><a class=\"button\" href=\"https:\/\/forms.gle\/H27e1Pr6xQMhuqku9\" target=\"_blank\" rel=\"noopener noreferrer\">Inscripci\u00f3n<\/a> \u00a0\u00a0 <a class=\"button\" href=\"#\" target=\"_blank\" rel=\"noopener noreferrer\">Programa<\/a><\/p>\n<p><a class=\"button\" target=\"_blank\" rel=\"noopener noreferrer\">C\u00f3mo llegar<\/a><\/p>\n<div class=\"su-gmap su-u-responsive-media-yes\"><iframe width=\"200\" height=\"150\" src=\"\/\/maps.google.com\/maps?q=ESTNA.%20Pamplona%20%28Navarra%29&amp;output=embed\" title=\"\"><\/iframe><\/div>\n<\/div><\/div> <\/div>\n\n\n<p><\/p>\n","protected":false},"excerpt":{"rendered":"<p>Pamplona (Navarra). 2 y 3 de octubre de 2020<\/p>\n","protected":false},"author":1,"featured_media":0,"parent":2264,"menu_order":0,"comment_status":"closed","ping_status":"closed","template":"","meta":{"_genesis_hide_title":false,"_genesis_hide_breadcrumbs":false,"_genesis_hide_singular_image":false,"_genesis_hide_footer_widgets":false,"_genesis_custom_body_class":"","_genesis_custom_post_class":"","_genesis_layout":""},"_links":{"self":[{"href":"https:\/\/escuelasanitaria.educacion.navarra.es\/crn\/wp-json\/wp\/v2\/pages\/6770"}],"collection":[{"href":"https:\/\/escuelasanitaria.educacion.navarra.es\/crn\/wp-json\/wp\/v2\/pages"}],"about":[{"href":"https:\/\/escuelasanitaria.educacion.navarra.es\/crn\/wp-json\/wp\/v2\/types\/page"}],"author":[{"embeddable":true,"href":"https:\/\/escuelasanitaria.educacion.navarra.es\/crn\/wp-json\/wp\/v2\/users\/1"}],"replies":[{"embeddable":true,"href":"https:\/\/escuelasanitaria.educacion.navarra.es\/crn\/wp-json\/wp\/v2\/comments?post=6770"}],"version-history":[{"count":7,"href":"https:\/\/escuelasanitaria.educacion.navarra.es\/crn\/wp-json\/wp\/v2\/pages\/6770\/revisions"}],"predecessor-version":[{"id":6860,"href":"https:\/\/escuelasanitaria.educacion.navarra.es\/crn\/wp-json\/wp\/v2\/pages\/6770\/revisions\/6860"}],"up":[{"embeddable":true,"href":"https:\/\/escuelasanitaria.educacion.navarra.es\/crn\/wp-json\/wp\/v2\/pages\/2264"}],"wp:attachment":[{"href":"https:\/\/escuelasanitaria.educacion.navarra.es\/crn\/wp-json\/wp\/v2\/media?parent=6770"}],"curies":[{"name":"wp","href":"https:\/\/api.w.org\/{rel}","templated":true}]}}