{"id":1450,"date":"2017-12-14T08:29:36","date_gmt":"2017-12-14T07:29:36","guid":{"rendered":"https:\/\/escuelasanitaria.educacion.navarra.es\/crn\/?page_id=1450"},"modified":"2018-10-17T12:50:21","modified_gmt":"2018-10-17T10:50:21","slug":"curso-1-2018-ptf","status":"publish","type":"page","link":"https:\/\/escuelasanitaria.educacion.navarra.es\/crn\/formacion\/curso-1-2018-ptf\/","title":{"rendered":"Curso 1\/2018 de Perfeccionamiento T\u00e9cnico para Formadores"},"content":{"rendered":"<div class=\"su-row\"><div class=\"su-column su-column-size-1-4\"><div class=\"su-column-inner su-u-clearfix su-u-trim\"><img loading=\"lazy\" class=\"alignnone size-full wp-image-4669\" src=\"https:\/\/escuelasanitaria.educacion.navarra.es\/crn\/wp-content\/uploads\/2018\/06\/Cursos-CRN.png\" alt=\"\" width=\"242\" height=\"242\" srcset=\"https:\/\/escuelasanitaria.educacion.navarra.es\/crn\/wp-content\/uploads\/2018\/06\/Cursos-CRN.png 242w, https:\/\/escuelasanitaria.educacion.navarra.es\/crn\/wp-content\/uploads\/2018\/06\/Cursos-CRN-150x150.png 150w\" sizes=\"(max-width: 242px) 100vw, 242px\" \/><\/div><\/div> <div class=\"su-column su-column-size-3-4\"><div class=\"su-column-inner su-u-clearfix su-u-trim\">\n<h3><span style=\"color: #4fa700;\">Creaci\u00f3n de contenidos para la teleformaci\u00f3n con e-Learning<\/span><\/h3>\n<p><b>Descripci\u00f3n:<\/b> Curso destinado a la actualizaci\u00f3n y el perfeccionamiento t\u00e9cnico de formadores en el \u00e1mbito de la Formaci\u00f3n Profesional, en el \u00e1rea de tecnolog\u00edas de la informaci\u00f3n y la comunicaci\u00f3n. Con este curso se pretende que el profesorado aprenda a planificar y dise\u00f1ar contenidos educativos bajo est\u00e1ndares de publicaci\u00f3n en web, utilizando una amplia diversidad de aplicaciones web gratuitas.<\/p>\n<p><b>Requisitos:<\/b><\/p>\n<p><b>Formaci\u00f3n dirigida preferentemente para personas ocupadas: <\/b>docentes, expertos de formaci\u00f3n profesional para el empleo y profesores de formaci\u00f3n profesional.<b><br \/>\n<\/b><\/p>\n<p><b>Familia profesional:<\/b> Formaci\u00f3n complementaria<\/p>\n<p><b>Duraci\u00f3n:<\/b> 50 horas (20 presenciales, 30 a distancia)<\/p>\n<p><b>Fecha inicio:<\/b> 10\/10\/2018<\/p>\n<p><b>Fecha fin:<\/b> 21\/11\/2018<\/p>\n<p><b>Horario:<\/b> Mi\u00e9rcoles de 16:00 a 19:30<\/p>\n<p>&nbsp;<\/p>\n<p><b>Organiza:<\/b> Centro de Referencia Nacional de Servicios, productos y atenci\u00f3n sanitaria. Escuela Sanitaria T\u00e9cnico Profesional de Navarra-ESTNA<\/p>\n<p><b>Lugar de impartici\u00f3n:<\/b> Escuela Sanitaria T\u00e9cnico Profesional de Navarra-ESTNA<\/p>\n<p><b>Direcci\u00f3n: <\/b>C\/ Irunlarrea 3.<\/p>\n<p><a class=\"button\" href=\"https:\/\/escuelasanitaria.educacion.navarra.es\/crn\/wp-content\/uploads\/2018\/09\/Creaci\u00f3n-de-contenidos-para-teleformaci\u00f3n-Programa-formativo.pdf\" target=\"_blank\" rel=\"noopener\">M\u00e1s informaci\u00f3n<\/a> Inscripci\u00f3n<\/p>\n<\/div><\/div> <\/div>\n","protected":false},"excerpt":{"rendered":"<p>Pamplona (Navarra). 10 de octubre a 21 de noviembre de 2018<\/p>\n","protected":false},"author":1,"featured_media":1451,"parent":2264,"menu_order":0,"comment_status":"closed","ping_status":"closed","template":"","meta":{"_genesis_hide_title":false,"_genesis_hide_breadcrumbs":false,"_genesis_hide_singular_image":false,"_genesis_hide_footer_widgets":false,"_genesis_custom_body_class":"","_genesis_custom_post_class":"","_genesis_layout":""},"_links":{"self":[{"href":"https:\/\/escuelasanitaria.educacion.navarra.es\/crn\/wp-json\/wp\/v2\/pages\/1450"}],"collection":[{"href":"https:\/\/escuelasanitaria.educacion.navarra.es\/crn\/wp-json\/wp\/v2\/pages"}],"about":[{"href":"https:\/\/escuelasanitaria.educacion.navarra.es\/crn\/wp-json\/wp\/v2\/types\/page"}],"author":[{"embeddable":true,"href":"https:\/\/escuelasanitaria.educacion.navarra.es\/crn\/wp-json\/wp\/v2\/users\/1"}],"replies":[{"embeddable":true,"href":"https:\/\/escuelasanitaria.educacion.navarra.es\/crn\/wp-json\/wp\/v2\/comments?post=1450"}],"version-history":[{"count":14,"href":"https:\/\/escuelasanitaria.educacion.navarra.es\/crn\/wp-json\/wp\/v2\/pages\/1450\/revisions"}],"predecessor-version":[{"id":5071,"href":"https:\/\/escuelasanitaria.educacion.navarra.es\/crn\/wp-json\/wp\/v2\/pages\/1450\/revisions\/5071"}],"up":[{"embeddable":true,"href":"https:\/\/escuelasanitaria.educacion.navarra.es\/crn\/wp-json\/wp\/v2\/pages\/2264"}],"wp:featuredmedia":[{"embeddable":true,"href":"https:\/\/escuelasanitaria.educacion.navarra.es\/crn\/wp-json\/wp\/v2\/media\/1451"}],"wp:attachment":[{"href":"https:\/\/escuelasanitaria.educacion.navarra.es\/crn\/wp-json\/wp\/v2\/media?parent=1450"}],"curies":[{"name":"wp","href":"https:\/\/api.w.org\/{rel}","templated":true}]}}

Curso 1/2018 de Perfeccionamiento Técnico para Formadores

<div class="su-row"><div class="su-column su-column-size-1-4"><div class="su-column-inner su-u-clearfix su-u-trim"><img loading="lazy" class="alignnone size-full wp-image-4669" src="https://escuelasanitaria.educacion.navarra.es/crn/wp-content/uploads/2018/06/Cursos-CRN.png" alt="" width="242" height="242" srcset="https://escuelasanitaria.educacion.navarra.es/crn/wp-content/uploads/2018/06/Cursos-CRN.png 242w, https://escuelasanitaria.educacion.navarra.es/crn/wp-content/uploads/2018/06/Cursos-CRN-150x150.png 150w" sizes="(max-width: 242px) 100vw, 242px" /></div></div> <div class="su-column su-column-size-3-4"><div class="su-column-inner su-u-clearfix su-u-trim">
<h3><span style="color: #4fa700;">Creación de contenidos para la teleformación con e-Learning</span></h3>
<p><b>Descripción:</b> Curso destinado a la actualización y el perfeccionamiento técnico de formadores en el ámbito de la Formación Profesional, en el área de tecnologías de la información y la comunicación. Con este curso se pretende que el profesorado aprenda a planificar y diseñar contenidos educativos bajo estándares de publicación en web, utilizando una amplia diversidad de aplicaciones web gratuitas.</p>
<p><b>Requisitos:</b></p>
<p><b>Formación dirigida preferentemente para personas ocupadas: </b>docentes, expertos de formación profesional para el empleo y profesores de formación profesional.<b><br />
</b></p>
<p><b>Familia profesional:</b> Formación complementaria</p>
<p><b>Duración:</b> 50 horas (20 presenciales, 30 a distancia)</p>
<p><b>Fecha inicio:</b> 10/10/2018</p>
<p><b>Fecha fin:</b> 21/11/2018</p>
<p><b>Horario:</b> Miércoles de 16:00 a 19:30</p>
<p>&nbsp;</p>
<p><b>Organiza:</b> Centro de Referencia Nacional de Servicios, productos y atención sanitaria. Escuela Sanitaria Técnico Profesional de Navarra-ESTNA</p>
<p><b>Lugar de impartición:</b> Escuela Sanitaria Técnico Profesional de Navarra-ESTNA</p>
<p><b>Dirección: </b>C/ Irunlarrea 3.</p>
<p><a class="button" href="https://escuelasanitaria.educacion.navarra.es/crn/wp-content/uploads/2018/09/Creación-de-contenidos-para-teleformación-Programa-formativo.pdf" target="_blank" rel="noopener">Más información</a> Inscripción</p>
</div></div> </div>
